4 - (-1 - 0)
-5
(2 - -1) + 5 - 6
2
-1 - (0 - 0) - (12 + -14)
1
Evaluate (-4 - (0 + 0 + -1)) + 0.
-3
What is 1 - (2 - -1) - 1?
-3
Evaluate 5 + 0 + (2 - 1 - 6).
0
Calculate (-3 - 2) + -2 + 9.
2
-6 - (5 + -2 + -10)
1
3 - (-7 + 2 + 7 - 2)
3
Calculate 2 + -8 + (14 - 7) + 1.
2
Calculate -2 + (-4 - -2) + 3.
-1
Evaluate (3 - 3) + 0 - -3 - 5.
-2
What is 10 - 10 - 10 - -7?
-3
What is the value of 6 + 2 + -14 - -4?
-2
Evaluate -3 - 1 - -1 - (-40 + 36).
1
What is the value of -1 + 3 + -1 + -1 + 4?
4
Evaluate 5 + -14 - (0 + -19).
10
4 + -7 + 5 + -11
-9
Evaluate -6 - (-1 + (1 - 4) + 4).
-6
What is the value of -4 + (-7 - (7 + -17))?
-1
12 - 7 - (1 - 0 - -3)
1
What is the value of 1 - 4 - (1 + 1 + -1)?
-4
What is the value of -3 + (-2 + 1 - (3 + -5))?
-2
What is (-9 - -21 - 10) + (2 - -2)?
6
What is the value of -2 - 0 - (12 + -7)?
-7
What is 3 + 0 + -2 - 5 - -3?
-1
What is 4 - (0 + 12 - (15 + -11))?
-4
What is (-8 - (-20 + 1)) + -19?
-8
What is the value of (-5 + 2 - 0) + 6 + 1?
4
Evaluate (-3 + -4 - -3) + 7.
3
What is the value of 2 + 4 + -9 + 5?
2
(3 - -1) + (5 - 4 - 6)
-1
-2 - (-4 + -2 + 1) - 8
-5
What is 3 + (-5 - 0) + 1 + 3?
2
What is the value of -1 + -7 + (3 - (-1 + -2))?
-2
(-3 - -7) + -11 + (8 - 1)
0
What is the value of 0 - (6 - -3 - (-3 - -10))?
-2
0 + (-1 - (0 + (6 - 4)))
-3
What is the value of (-4 - -10) + (16 - 19)?
3
(-8 - -10) + (-3 - 1) + 0
-2
What is the value of -7 + (5 - (-2 - (-1 - 1)))?
-2
What is the value of (38 - 25) + -8 + 1?
6
What is the value of -18 - -18 - (0 + -1 + -1)?
2
Calculate (-6 - -3 - -7) + 0.
4
What is 5 - (19 + -17 + 3 + -1)?
1
What is 3 - 0 - 5 - -2?
0
Calculate 2 - (2 + 4) - (-40 - -40).
-4
Calculate -4 - (4 - (-9 + 13)).
-4
(1 - 2 - 1) + (5 - 6)
-3
Evaluate -1 + 2 + (-4 - -1).
-2
What is (2 - 3) + (7 - 8 - -1)?
-1
(-16 - (0 - 10)) + -1 + 1
-6
-9 + (-7 + 10 - -3)
-3
What is the value of -3 + (1 - 0 - (-23 + 19))?
2
5 + 0 - 2 - (24 + -25)
4
What is the value of -9 + (-1 - -10) - -1?
1
-1 + (0 - (-4 + 3)) + -6
-6
What is the value of 0 - (0 + (-4 - (5 - 5)))?
4
What is the value of 4 - (2 - (1 - 0))?
3
What is the value of 0 + (1 - 0 - 2)?
-1
Calculate 12 + 4 + -28 + 13.
1
Evaluate 4 + 1 + -2 + -1.
2
-4 + 3 + -3 - -6
2
Evaluate 2 + (-12 - -2 - (-3 - 0)).
-5
What is the value of -5 + 1 + (1 + 8 - 2)?
3
Evaluate (1 - 5) + -1 + 5 + -2.
-2
What is the value of -3 + -3 + -4 + 4 + 11?
5
What is the value of 2 - (6 + (-15 - -4))?
7
What is the value of (-1 - 3) + (0 - 1)?
-5
-8 + -14 + 33 + -14
-3
What is the value of 1 + -3 + -3 + 1?
-4
What is the value of -5 - (0 - -5 - 8)?
-2
Evaluate 4 - (-2 - (1 + (0 - 4))).
3
Calculate -3 + (-3 - -3) - (7 - 11).
1
2 - ((7 - (-3 - -8)) + -2)
2
What is the value of (-8 - (-3 + 1)) + (29 - 25)?
-2
Evaluate 7 + -5 + 4 + (-5 - -3).
4
What is (-58 - -52) + -1 + (1 - -5)?
-1
Evaluate 0 - 1 - (1 - (-8 - -5)).
-5
4 - 0 - (-4 + 10)
-2
What is -2 - (1 + 2 - 5)?
0
(-1 - -3) + -5 + -4 + 3
-4
4 + -2 - (46 + -46)
2
What is 10 - 2 - (-57 + 64)?
1
What is -3 + (3 - -2) - 4?
-2
What is (3 - (-3 - -13 - 3)) + 4?
0
What is 7 + 4 + (-2 - 5) + 3?
7
Evaluate 2 + -2 + (-1 - -3).
2
What is the value of (3 - 0 - (1 - -2)) + -5?
-5
What is the value of -2 + (0 - 0 - 1) + 2?
-1
What is 3 + (3 - 2) - -1?
5
Calculate -189 + 182 + 1 + 7 + -1.
0
4 + -9 + 1 + 8
4
What is the value of -8 + -10 + 9 + 8?
-1
Calculate 4 - (-1 + 4 + 0).
1
What is 0 - ((-1 - -6) + -8 + 6)?
-3
Calculate -5 + 4 + (4 + -1 - 2).
0
-9 - (-8 + 7 + -1 + -1)
-6
What is -11 + -4 + 15 - 7?
-7
0 + (-4 - (-2 + (3 - 2)))
-3
What is the value of (6 - -6 - 5) + -7?
0
Calculate -3 + 4 + (2 - 4).
-1
(10 - (-6 + 8)) + -1
7
3 - 2 - (0 - -2)
-1
What is the value of 6 - (0 + (-6 - (-9 - -6)))?
9
0 + (-1 - -2 - (2 - 2))
1
Calculate (7 + -18 - -19) + 1 + -4.
5
Evaluate 27 + -24 + (3 - (-1 + 6)).
1
Calculate 3 + (0 - 3) + -1.
-1
Calculate 0 + 1 + -3 + (7 - 2).
3
What is 2 - (-12 - -9 - -1)?
4
Calculate 7 - 2 - 8 - (-1 + 3).
-5
2 + (-3 - 2) - (9 - 16)
4
What is (-39 - -34) + (0 - (1 + -7))?
1
What is 2 + -2 + -5 + 2 + 0?
-3
What is the value of -20 - -16 - (1 - 5)?
0
Calculate -5 - ((0 - -8) + -7).
-6
Evaluate 7 - (-1 + (-1 - 4)) - 6.
7
Calculate (7 - (0 + 5)) + -4.
-2
Calculate 2 + 2 - (2 - (-2 + 1)).
1
What is the value of -2 - (-6 - (0 - 3))?
1
What is -1 + 5 + -2 + (-8 - -3)?
-3
Calculate 5 - -1 - (27 + -6 + -8).
-7
What is -2 - (9 - (20 - 10))?
-1
What is 4 + (-4 - -3) - 6?
-3
Evaluate 7 + -1 - (61 - 54).
-1
What is the value of (4 - (-6 + 8)) + -2 + 3?
3
What is the value of -2 + -1 + 3 + 1?
1
What is 1 - (2 - (-4 - -3 - 1))?
-3
Evaluate -4 + (-1 - -2) + 2.
-1
What is the value of (-7 - -9) + 0 - (1 + -1)?
2
What is -5 - (-5 - -12) - -6?
-6
Evaluate (9 - 10) + -1 + 4 + -3.
-1
What is the value of (3 - 2 - 6) + 6?
1
What is the value of -6 + 11 - (6 + -1)?
0
Calculate -3 + 3 + 1 + -1.
0
What is the value of -2 + 2 - -4 - 2?
2
8 + (7 - 7) - 7
1
What is the value of -2 + (4 + -4 - -1) + 1?
0
Calculate -4 + (-2 - 1) + (4 - -1).
-2
What is -6 - -8 - ((-2 - 3) + 1)?
6
Evaluate (2 - 16) + 10 - -8.
4
Calculate (0 - 0 - -5) + 0.
5
What is the value of -9 - (-17 - -17 - (2 + -1))?
-8
Calculate 2 - (1 + 0) - 0.
1
Evaluate -3 + 2 - -5 - 4.
0
What is -3 + 2 + (-7 - (5 + -19))?
6
What is the value of (2 + -8 + 12 - 14) + -1?
-9
Calculate 4 + -7 - -5 - -4.
6
Evaluate 1 - 5 - (1 - 7).
2
What is 4 - -3 - (2 + -4)?
9
What is (5 + -6 + -3 - -5) + 2?
3
What is -4 + 0 + -1 + 1?
-4
What is the value of 4 - (-4 + (4 - 5)) - 1?
8
Evaluate -5 - -1 - (-12 - -7).
1
Calculate 6 - (7 - -5) - -7.
1
Evaluate 10 - 3 - (12 - -1 - -2).
-8
What is 35 + -30 - ((-2 - -1) + 0)?
6
Evaluate 14 - (7 - -1) - (3 - -1).
2
Calculate (-3 - -15 - 16) + 9.
5
8 + -4 + (-3 - 2)
-1
What is the value of -3 + -4 + 1 - (-11 - -7)?
-2
Evaluate 9 + 4 + (-12 - -1) + 0.
2
Evaluate -2 + (-8 + 5 - -9).
4
What is the value of (1 - -4) + (4 - (10 - 6))?
5
What is the value of 2 + 1 + (5 - 1) + -2?
5
Evaluate 8 - -3 - 5 - 6.
0
What is -2 + 1 - (9 + -4 - 3)?
-3
Calculate (-6 - (-5 + 0)) + (-1 - 1).
-3
What is 4 + -7 + 5 + -4?
-2
Calculate (8 - 2) + (-1 + 1 - 4).
2
What is -12 - -14 - (0 - 3)?
5
What is 3 - ((1 - -3) + -26 + 27)?
-2
What is the value of -10 - (8 + -15 + 4)?
-7
What is -4 + 2 - (3 - (2 - -5))?
2
Evaluate -3 + (0 - -4) + 0 + 1.
2
What is the value of -7 - (-7 - (6 - -5))?
11
0 - ((1 - 6) + 5)
0
5 - (0 + 1 + -3 + 5)
2
Calculate -1 + 0 - (-12 - -4 - -1).
6
What is the value of (-3 - 9 - -6 - -10) + -6?
-2
What is the value of 3 + (1 + -3 - -2 - 2)?
1
What is the value of -3 + (4 - (2 - (-3 - -2)))?
-2
-1 + 11 + (4 - 12)
2
Calculate -1 - -1 - (-3 - -4).
-1
-2 + 0 + 5 - -3
6
Calculate -1 + 17 + (66 - 76).
6
Calculate -6 - (4 + (-9 + 4 - -4)).
-9
Calculate -8 + 0 + (-3 - -6).
-5
What is the value of 5 + -11 + (1 - -1)?
-4
-4 - 1 - (6 - 14)
3
Evaluate 11 + -9 + (-12 - -3).
-7
Evaluate -9 + 7 - (2 + 1).
-5
Calculate -2 - ((-7 - -9) + -7).
3
-10 - (-11 - (-20 - -14))
-5
Calculate (11 + (-5 - 1) - 6) + 6.
5
Evaluate (-8 - -8 - (-4 - 0)) + 0.
4
What is the value of 1 + -6 - (-8 - -6 - 1)?
-2
Evaluate -7 + 13 + -9 + 0.
-3
What is the value of -47 + 44 + -5 + -1 - -6?
-3
1 - 3 - (-1 - -2)
-3
Calculate 257 + -262 + (-3 - 1).
-9
9 + -15 + 10 + (0 - 2)
2
What is the value of 3 + -11 + 3 + 5?
0
What is -2 - 3 - (-13 + 14)?
-6
What is -4 + (-3 - -11) - (5 - -1)?
-2
Calculate (-13 - -12) + -5 + 1.
-5
7 - (-5 + 3 + 8)
1
-2 - 1 - 1 - -7 - 0
3
-11 + (-12 + 23 - 1)
-1
2 + -3 + (12 - 6)
5
-6 - (-2 - -6 - 9) - 0
-1
5 + (1 - (3 + 0))
3
-5 + (2 - 2 - -1)
-4
-1 + (3 - (-5 - -3 - -2))
2
Calculate -1 - (-1 + (4 + -5 - 4)).
5
Calculate -6 + -4 - 2 - -10.
-2
-7 - (2 - (3 - -3))
-3
Calculate -5 - (-7 + 5 + 2).
-5
(-6 - -13) + -7 + -6
-6
-2 - (0 - -4) - -5
-1
(6 + 3 - 15) + 9
3
What is 2 - (-7 + 11 + -5)?
3
7 + -10 - -9 - 7
-1
Evaluate 4 + 1 + -1 + (2 - 5).
1
Evaluate 3 - (-4 - (4 + -12)).
-1
Evaluate (1 - 3) + 3 - 3.
-2
What is the value of -3 + 3 - (-3 - (1 + -1))?
3
What is the value of -21 + 17 + (0 - -1 - -7)?
4
-3 - -8 - (-2 + 7)
0
-4 + ((0 - -2) + -3 - -10)
5
What is -5 - (1 + -1 + 9 + -11)?
-3
Calculate 5 + (1 - -2) + 1 + -3.
6
What is the value of (-4 - 1) + 7 - 1?
1
What is the value of -1 + -8 - (102 - 104)?
-7
What is the value of -1 - ((-3 - -3) + 2)?
-3
Evaluate (2 + -2 - (-3 + 5)) + 5.
3
What is the value of 6 - (2 + 